e thousands digit of 842956?
2
What is the tens digit of 30259388?
8
What is the tens digit of 3704621?
2
What is the tens digit of 46160?
6
What is the hundreds digit of 118823?
8
What is the units digit of 2672547?
7
What is the hundred thousands digit of 360581?
3
What is the hundred thousands digit of 16838128?
8
What is the units digit of 199853?
3
What is the tens digit of 429048?
4
What is the ten millions digit of 12630455?
1
What is the thousands digit of 221226?
1
What is the units digit of 11269181?
1
What is the thousands digit of 3000046?
0
What is the units digit of 1507977?
7
What is the hundreds digit of 668090?
0
What is the units digit of 10836?
6
What is the hundreds digit of 17210272?
2
What is the units digit of 316292?
2
What is the thousands digit of 714263?
4
What is the ten thousands digit of 8003024?
0
What is the hundred thousands digit of 2820761?
8
What is the units digit of 756261?
1
What is the thousands digit of 8377725?
7
What is the units digit of 863254?
4
What is the tens digit of 3101027?
2
What is the hundreds digit of 1758613?
6
What is the hundred thousands digit of 142912?
1
What is the hundred thousands digit of 1679765?
6
What is the ten thousands digit of 7126303?
2
What is the ten thousands digit of 73206?
7
What is the thousands digit of 994485?
4
What is the ten thousands digit of 1253166?
5
What is the units digit of 13298608?
8
What is the tens digit of 261056?
5
What is the hundreds digit of 30007?
0
What is the hundreds digit of 10245?
2
What is the ten thousands digit of 5479088?
7
What is the millions digit of 18211845?
8
What is the thousands digit of 516584?
6
What is the hundreds digit of 4070730?
7
What is the hundreds digit of 6076332?
3
What is the millions digit of 1060790?
1
What is the tens digit of 136737?
3
What is the ten thousands digit of 46251?
4
What is the millions digit of 3799020?
3
What is the hundreds digit of 240368?
3
What is the tens digit of 14992?
9
What is the thousands digit of 22225?
2
What is the millions digit of 10822866?
0
What is the units digit of 41658?
8
What is the units digit of 688405?
5
What is the hundred thousands digit of 2949102?
9
What is the thousands digit of 28634437?
4
What is the units digit of 9642334?
4
What is the thousands digit of 5168002?
8
What is the thousands digit of 325301?
5
What is the thousands digit of 611305?
1
What is the hundreds digit of 2560377?
3
What is the hundreds digit of 20636680?
6
What is the ten thousands digit of 45305?
4
What is the units digit of 10853052?
2
What is the hundred thousands digit of 973948?
9
What is the units digit of 96956?
6
What is the ten thousands digit of 258978?
5
What is the units digit of 658881?
1
What is the tens digit of 158076?
7
What is the units digit of 20930?
0
What is the ten thousands digit of 746310?
4
What is the tens digit of 5630810?
1
What is the ten millions digit of 25072705?
2
What is the millions digit of 4146916?
4
What is the hundred thousands digit of 2430822?
4
What is the tens digit of 509350?
5
What is the ten thousands digit of 2017032?
1
What is the thousands digit of 20076?
0
What is the hundred thousands digit of 809295?
8
What is the hundreds digit of 186654?
6
What is the hundreds digit of 15915821?
8
What is the units digit of 24120743?
3
What is the thousands digit of 12640692?
0
What is the thousands digit of 1058708?
8
What is the units digit of 663615?
5
What is the hundred thousands digit of 16580977?
5
What is the tens digit of 802041?
4
What is the hundreds digit of 197508?
5
What is the hundreds digit of 453383?
3
What is the thousands digit of 3897306?
7
What is the units digit of 61089?
9
What is the hundred thousands digit of 927108?
9
What is the ten thousands digit of 26220145?
2
What is the thousands digit of 3143901?
3
What is the units digit of 85207?
7
What is the tens digit of 6449590?
9
What is the units digit of 14360897?
7
What is the units digit of 1239640?
0
What is the thousands digit of 313575?
3
What is the ten thousands digit of 8136143?
3
What is the ten thousands digit of 639392?
3
What is the hundred thousands digit of 436981?
4
What is the thousands digit of 5933687?
3
What is the millions digit of 1608395?
1
What is the tens digit of 457086?
8
What is the tens digit of 413146?
4
What is the hundreds digit of 94049?
0
What is the ten thousands digit of 119079?
1
What is the units digit of 3020998?
8
What is the hundred thousands digit of 483481?
4
What is the hundred thousands digit of 810611?
8
What is the tens digit of 19024483?
8
What is the tens digit of 3792?
9
What is the ten thousands digit of 6147039?
4
What is the thousands digit of 21640387?
0
What is the ten thousands digit of 1709633?
0
What is the millions digit of 4444087?
4
What is the hundred thousands digit of 625053?
6
What is the hundreds digit of 202488?
4
What is the hundred thousands digit of 320509?
3
What is the hundreds digit of 198994?
9
What is the thousands digit of 4855703?
5
What is the units digit of 1226123?
3
What is the hundreds digit of 11589019?
0
What is the thousands digit of 13131304?
1
What is the millions digit of 1540442?
1
What is the tens digit of 1580756?
5
What is the hundred thousands digit of 274073?
2
What is the tens digit of 186795?
9
What is the ten thousands digit of 274606?
7
What is the ten thousands digit of 204641?
0
What is the thousands digit of 191020?
1
What is the ten thousands digit of 29673184?
7
What is the ten thousands digit of 70145?
7
What is the tens digit of 3270271?
7
What is the hundred thousands digit of 163422?
1
What is the thousands digit of 1065794?
5
What is the thousands digit of 143473?
3
What is the tens digit of 710677?
7
What is the ten thousands digit of 607447?
0
What is the ten thousands digit of 1590253?
9
What is the units digit of 716543?
3
What is the tens digit of 869730?
3
What is the units digit of 607307?
7
What is the tens digit of 631897?
9
What is the millions digit of 10292437?
0
What is the ten thousands digit of 2757106?
5
What is the thousands digit of 66920?
6
What is the millions digit of 5576110?
5
What is the millions digit of 4026770?
4
What is the thousands digit of 292645?
2
What is the tens digit of 304613?
1
What is the ten thousands digit of 1382650?
8
What is the tens digit of 1021045?
4
What is the thousands digit of 415600?
5
What is the thousands digit of 986880?
6
What is the units digit of 225942?
2
What is the ten thousands digit of 153759?
5
What is the hundreds digit of 1322909?
9
What is the tens digit of 409729?
2
What is the hundreds digit of 17978?
9
What is the hundreds digit of 53921?
9
What is the tens digit of 60302?
0
What is the millions digit of 11890351?
1
What is the tens digit of 9733927?
2
What is the ten thousands digit of 376167?
7
What is the units digit of 8857468?
8
What is the millions digit of 1733866?
1
What is the tens digit of 1051543?
4
What is the units digit of 2369893?
3
What is the hundreds digit of 468613?
6
What is the thousands digit of 123153?
3
What is the tens digit of 175026?
2
What is the tens digit of 1021527?
2
What is the tens digit of 754771?
7
What is the tens digit of 55697?
9
What is the tens digit of 32630770?
7
What is the tens digit of 4278421?
2
What is the units digit of 28120312?
2
What is the ten thousands digit of 3742900?
4
What is the hundred thousands digit of 278010?
2
What is the units digit of 13044725?
5
What is the tens digit of 3191117?
1
What is the tens digit of 880742?
4
What is the hundreds digit of 190767?
7
What is the hundreds digit of 629421?
4
What is the tens digit of 75170?
7
What is the thousands digit of 4076731?
6
What is the ten thousands digit of 5562480?
6
What is the ten thousands digit of 24819307?
1
What is the units digit of 229582?
2
What is the millions digit of 19022091?
9
What is the ten thousands digit of 337384?
3
What is the hundred thousands digit of 341669?
3
What is the ten millions digit of 11476421?
1
What is the tens digit of 39918?
1
What is the hundreds digit of 765545?
5
What is the ten thousands digit of 1096324?
9
What is the tens digit of 929968?
6
What is the ten thousands digit of 180024?
8
What is the hundred thousands digit of 9263516?
2
What is t